1857/2 - 3). What is the greatest common factor of j and 13?
13
Suppose 127*a + 297*a - 34768 = 0. What is the greatest common divisor of 4674 and a?
82
Suppose -75 + 59 = -2*h. Suppose 7*j = 8*j - 29. Suppose 9 - j = -5*u. Calculate the greatest common factor of u and h.
4
Let x(f) = -9*f + 105. Let o be x(-7). Let p = o + -143. Calculate the greatest common divisor of 100 and p.
25
Let y be 1/(-1) + -3 + 16. Suppose -y*h = 1049 - 6425. Suppose 50*t + h = 54*t. Calculate the highest common factor of 14 and t.
14
Let s be 242/(-1) + 9 + -12 - 1. Let i = -235 - s. Calculate the greatest common divisor of 143 and i.
11
Let a(s) = 2*s + 3. Let f be a(8). Let y = f - -60. Let x = y + -56. Calculate the highest common factor of x and 184.
23
Let t be -1*(-12 - (-1 + -3 - (-1 - 4))). Calculate the highest common factor of t and 6773.
13
Suppose -30 = 5*z - 10, -z + 59 = 3*q. Calculate the greatest common factor of q and 1029.
21
Let w be 5 + 0 + ((-352)/(-1232))/(2/49). Calculate the highest common divisor of 3342 and w.
6
Let g be 731/1 + (-9)/(-27)*9*-1. What is the greatest common factor of g and 112?
56
Let h(o) = -2*o**2 - 8*o + 10. Let c be h(-5). Suppose -i = -c + 1, -5*g + 554 = -4*i. Let m = -29 - -51. Calculate the greatest common factor of m and g.
22
Suppose 265*t - 1404 = 148*t. What is the highest common factor of 21732 and t?
12
Suppose -6*u + 25 = 19. Let i be (44/88)/(u/220). Calculate the highest common divisor of 22 and i.
22
Suppose -3*z - 12 + 3 = 0, 3*z = 2*u - 1299. Suppose 118*h - 103*h - u = 0. Calculate the greatest common divisor of h and 731.
43
Let o(d) = 7*d + 1260. Let r be o(36). Calculate the greatest common factor of r and 162.
54
Suppose 0 = 5*k + 5*p - 29205, -23340 = -4*k - 8*p + 12*p. What is the greatest common divisor of 21 and k?
21
Let f(o) = 6*o**2 + 2*o - 2. Let i be f(2). Let a be 2/11 + 61 + (-5703)/(-33). Calculate the greatest common factor of i and a.
26
Let b be 1488/40 - (-28)/35. Calculate the greatest common factor of 836 and b.
38
Let g be (-15)/(-315) + (-314260)/(-105). What is the highest common divisor of g and 73?
73
Let m = -230 - -239. Suppose 3*l = g + 17, 4*l - 20 = m*g - 5*g. What is the greatest common divisor of 150 and l?
6
Suppose 0*h = -5*h + 210. Let m = 1109672 + -1109518. What is the highest common divisor of m and h?
14
Suppose -1017*p + 254592 = -1000*p. What is the greatest common divisor of p and 234?
234
Let v = 5185 - -17. What is the greatest common divisor of v and 54?
18
Let r(t) = 4*t**2 - 72*t + 1147. Let z be r(18). Calculate the highest common divisor of 93 and z.
31
Let b(n) = -n**3 + 10*n**2 + 24*n. Let q be b(12). Suppose 185*k - 201*k + 176 = q. What is the greatest common factor of 418 and k?
11
Let i = -4 - -180. Let r(b) = -198*b + 386*b + 66 - 193*b. Let n be r(10). Calculate the greatest common divisor of n and i.
16
Let r = -451 - -499. Let z be (-14)/1*13/((-364)/r). What is the greatest common divisor of z and 204?
12
Let w(x) = 1474*x**2 + 49*x + 41. Let v be w(2). What is the highest common divisor of v and 1775?
355
Let z(c) = 104*c - 14. Let h be z(5). Let l be (598/52)/(2 - 7/4). What is the highest common factor of h and l?
46
Suppose -4*q + 0*q = -16. Suppose q*p = -p + 10. Let x be -1*((3 - p)*-2 - 53). What is the highest common divisor of 11 and x?
11
Let o = 49 - 41. Suppose o*k = 2*k - 270. Let v = k - -61. Calculate the highest common factor of v and 12.
4
Let r be ((-20)/(-6))/(6/9). Suppose 32 = 2*w - 4*d, 119 = 4*w + 8*d - r*d. Calculate the highest common divisor of 832 and w.
26
Let l be (11 - 21)*3/(-2). Suppose l*r - 69 - 6 = 0. Suppose -2*b + 202 = -b + 3*g, -915 = -r*b + 4*g. Calculate the highest common divisor of b and 17.
17
Let t be 4/14 - (-95228)/98. Calculate the highest common divisor of t and 72.
36
Suppose -26*x + 168 = -3*x + x. What is the greatest common factor of 553 and x?
7
Suppose 4*f - 136 = -2*a, -9*f - 2*a = -6*f - 102. Calculate the greatest common divisor of f and 2057.
17
Suppose -110*j + 114*j + 1268 = 0. Let s = 325 + j. Calculate the highest common factor of 14 and s.
2
Let p be (0 - -10) + (1 - -1). Let z = -495 + 486. Let x be 20*(658/45 - (-2)/z). Calculate the highest common factor of x and p.
12
Suppose 29*k = 11*k + 126. Let z be (k - 21)*(-2)/4. What is the greatest common factor of 175 and z?
7
Suppose -4*c + 4 = -2*w + 100, -3*w - 4*c + 144 = 0. Let y be (-5 + 17/7)/(11/(-1848)). What is the highest common divisor of w and y?
48
Let f be (-1*(-4)/8)/(1/88). Let w be (f - -4) + 10/5. What is the greatest common factor of 175 and w?
25
Suppose 16*w = 23*w - 126. Let h be (-621)/6*(-12)/w. Calculate the greatest common factor of 138 and h.
69
Suppose 4*z + 3*n = 167, 2*z - 62*n = -59*n + 61. Calculate the highest common divisor of z and 190.
38
Suppose -4*l = -5*f - 183 - 113, -332 = -4*l - 4*f. What is the greatest common divisor of l and 2923?
79
Let x = 56 + -49. Let a(u) = 3*u - 3. Let j(l) = 1. Let b(g) = -2*a(g) - 10*j(g). Let y be b(-3). What is the highest common factor of y and x?
7
Let y = 14015 - 13985. Calculate the highest common divisor of 678 and y.
6
Let s(t) = 915*t + t**3 + 6 - t**2 - 927*t + 20. Let y be s(5). Calculate the highest common factor of y and 42.
6
Suppose -2846907 = -127*h - 518616. What is the greatest common factor of 378 and h?
189
Let s(k) = -4*k**2 - 14*k - 6. Let v be s(-9). Let u be (-136)/v*(1 + 17). Calculate the highest common factor of u and 36.
12
Let c be (-104)/28 - -4 - 81/7*-3. Calculate the highest common factor of 265 and c.
5
Let g be (10/3)/((-54373)/(-2013) + -27). Calculate the highest common divisor of 976 and g.
61
Suppose 6*v + 15 = v, -p = 4*v - 110. Let x = -93 + p. What is the greatest common divisor of x and 87?
29
Let u(t) = 13 + 0*t - 3*t + t**2 - 15*t + 8*t. Let p be u(17). Suppose 5*h + 46 + p = 2*d, -d - 3*h + 78 = 0. Calculate the greatest common divisor of d and 12.
12
Let j be ((-153)/(-119))/((-6)/(-42)). Let g = 42 - 69. Let k = j - g. What is the greatest common factor of k and 60?
12
Let h(d) = 2*d**2 - 6*d - 66. Let g = 15 - -1. Let o be h(g). What is the greatest common divisor of 50 and o?
50
Let y = 3575 - 3391. Calculate the highest common divisor of y and 2116.
92
Suppose 129*r + 2*w + 90478 = 133*r, 4*r + 2*w = 90482. What is the greatest common divisor of 145 and r?
145
Suppose 0 = 5*l + 2*k - 894, 2*k - 354 = -5*l + 3*l. Calculate the highest common factor of l and 1278.
18
Let k = -287 + 330. Let p be -5*2/(-8)*-24. Let b = k + p. Calculate the greatest common divisor of 104 and b.
13
Let i be -8*1/(-2) + -7. Let p be 0 + i - (-84)/12. Let s be p - ((-40)/4 - -1). Calculate the greatest common divisor of 13 and s.
13
Let r(i) = i**2 - 62*i + 963. Let m be r(27). Suppose -3*v + 487 = 97. Suppose -4*k + v = 10. What is the greatest common factor of m and k?
6
Let q = 15646 - 10644. Calculate the highest common divisor of q and 244.
122
Let h be (-1 + (0 - -2))/((-7)/(-56427)). Suppose 8*r - h = 9891. Let c be (r/(-27))/(-4) + (-2)/(-9). Calculate the highest common divisor of c and 63.
21
Suppose 5*z - 6*z + 7 = 0. Suppose -8*l + z*l + 3 = 0. Suppose 4*j = j - l, -j = -s + 8. What is the highest common factor of 21 and s?
7
Suppose 232 = 2*i + 2*i + 5*f, 4*i - 232 = -f. Let a = 7722 - 7606. Calculate the highest common divisor of i and a.
58
Suppose 0 = g - 5 + 4. Let p be 621/(-92)*(23 + g)/(-1). Calculate the highest common divisor of 6 and p.
6
Suppose 5*f - 2333 = o + 1295, -5*f - 4*o = -3688. Suppose p = 4*k - p - 366, 0 = -k + 5*p + 96. Calculate the highest common divisor of f and k.
91
Suppose -16*d - 3450 + 3978 = 0. Calculate the greatest common divisor of 13101 and d.
33
Let z(g) = 359*g - 19880. Let i be z(56). Let t = -4 - -7. Suppose -a = -3*r - 20 - t, -4*a + 5*r = -113. What is the greatest common factor of a and i?
32
Suppose 0 = 3*k - 6, -5*y + 3*k - 400 + 12209 = 0. Calculate the greatest common factor of 34 and y.
17
Suppose 10*n + 171 = 12*n + h, -h = -2*n + 177. Let q be (-3)/(3 + (-270)/n). What is the greatest common factor of q and 1?
1
Suppose 695*k - 170 = 690*k. Suppose -119 - k = -9*f. Let o = -115 + 166. Calculate the greatest common factor of o and f.
17
Let c(h) = 10*h + 2*h**2 + h**3 